factor of 34760 and 112496?
632
Calculate the greatest common divisor of 8 and 315688.
8
What is the greatest common divisor of 192654 and 105?
21
What is the highest common divisor of 35772 and 682?
22
Calculate the greatest common factor of 28 and 235.
1
What is the highest common divisor of 16 and 64720?
16
Calculate the greatest common divisor of 525 and 783125.
175
What is the greatest common factor of 1905376 and 32?
32
What is the highest common factor of 6223 and 3302?
127
Calculate the highest common divisor of 400 and 2136200.
200
Calculate the highest common factor of 4220 and 370.
10
What is the highest common factor of 258 and 814893?
129
Calculate the greatest common divisor of 12089 and 3003.
77
Calculate the greatest common divisor of 1192 and 8175928.
1192
What is the highest common divisor of 21 and 4159638?
21
What is the greatest common factor of 10 and 50510?
10
What is the highest common divisor of 352 and 69?
1
Calculate the highest common factor of 86060 and 377.
13
Calculate the greatest common factor of 549072 and 288.
144
What is the highest common divisor of 42 and 23997?
3
What is the highest common factor of 148 and 8278454?
74
What is the highest common divisor of 9030546 and 126?
126
Calculate the highest common factor of 11600 and 25440.
80
What is the highest common factor of 381 and 30226?
127
Calculate the highest common divisor of 130 and 93320.
10
Calculate the highest common factor of 131181 and 146.
73
Calculate the greatest common factor of 7 and 254401.
7
Calculate the greatest common factor of 201 and 106061.
67
Calculate the highest common divisor of 89 and 3659.
1
What is the highest common factor of 3430 and 4310?
10
Calculate the highest common divisor of 57862 and 70.
14
Calculate the highest common factor of 181 and 271681.
181
Calculate the highest common factor of 204219 and 9.
9
What is the greatest common divisor of 10880 and 700?
20
What is the greatest common factor of 21504 and 558432?
672
What is the highest common factor of 10325 and 11690?
35
Calculate the greatest common divisor of 34440 and 32595.
615
Calculate the greatest common factor of 56 and 3682.
14
Calculate the greatest common factor of 20 and 90990.
10
What is the greatest common divisor of 3657 and 901?
53
Calculate the greatest common factor of 2332 and 33920.
212
What is the highest common divisor of 8586 and 43884?
954
What is the greatest common divisor of 191112 and 24?
24
What is the highest common divisor of 3940 and 538204?
788
Calculate the greatest common factor of 27979 and 5341.
49
Calculate the highest common divisor of 717 and 1392892.
239
What is the highest common factor of 2 and 2579?
1
What is the highest common divisor of 2030 and 5390?
70
What is the greatest common divisor of 196384 and 2242?
38
What is the greatest common factor of 370 and 17760?
370
What is the highest common factor of 375547 and 221?
17
What is the highest common factor of 14094 and 2204?
58
Calculate the highest common divisor of 21 and 65.
1
Calculate the greatest common divisor of 3822 and 87612.
294
What is the highest common factor of 2827 and 32593?
11
What is the highest common factor of 139200 and 812?
116
What is the highest common factor of 5712 and 22544?
16
Calculate the greatest common divisor of 43 and 220375.
43
What is the highest common factor of 371716 and 804?
268
What is the greatest common factor of 400 and 595600?
400
What is the highest common factor of 66 and 757?
1
What is the greatest common factor of 35255 and 22?
11
Calculate the greatest common divisor of 8 and 1545168.
8
What is the highest common divisor of 2415 and 202630?
115
What is the greatest common divisor of 12995 and 339?
113
Calculate the greatest common divisor of 2 and 24818.
2
Calculate the greatest common divisor of 6308 and 1121.
19
Calculate the highest common divisor of 5159 and 3142300.
469
Calculate the highest common factor of 5334 and 1414.
14
Calculate the highest common factor of 29 and 65047.
29
Calculate the highest common factor of 2436826 and 76.
38
What is the greatest common factor of 26 and 371423?
13
What is the highest common divisor of 62083 and 7?
7
What is the highest common divisor of 100 and 4130?
10
Calculate the highest common factor of 216804 and 3471.
267
What is the highest common divisor of 198931 and 993?
331
Calculate the greatest common factor of 2118 and 1349519.
353
Calculate the highest common factor of 190834 and 10234.
602
Calculate the highest common factor of 58100 and 560.
140
What is the highest common factor of 45 and 6245?
5
What is the highest common factor of 174 and 2465?
29
What is the greatest common factor of 56 and 1582?
14
Calculate the highest common factor of 210 and 539112.
42
Calculate the greatest common factor of 39720 and 4920.
120
Calculate the greatest common factor of 686 and 14.
14
Calculate the highest common divisor of 176368 and 64.
16
Calculate the greatest common factor of 36 and 314082.
18
Calculate the highest common factor of 423 and 7379.
47
What is the highest common factor of 267 and 362497?
89
Calculate the highest common factor of 6034783 and 4281.
1427
What is the highest common factor of 1963 and 10117?
151
Calculate the highest common divisor of 31262 and 66.
22
Calculate the highest common divisor of 7447 and 7469.
11
Calculate the highest common divisor of 1638 and 114894.
234
What is the greatest common divisor of 22 and 177771?
11
What is the highest common divisor of 180 and 884340?
180
Calculate the highest common factor of 19942 and 338.
338
Calculate the highest common divisor of 486 and 24138.
162
What is the greatest common factor of 39 and 75452?
13
What is the highest common divisor of 3247 and 141913?
191
Calculate the greatest common factor of 85063 and 82954.
703
Calculate the highest common divisor of 140 and 83540.
20
What is the greatest common divisor of 1438224 and 24?
24
Calculate the highest common factor of 121 and 2104553.
121
What is the greatest common factor of 4512072 and 816?
408
What is the greatest common divisor of 19965 and 255?
15
Calculate the highest common factor of 36 and 31044.
12
What is the highest common divisor of 35996 and 8?
4
Calculate the greatest common divisor of 14402 and 2432.
38
What is the highest common factor of 831550 and 100?
50
What is the highest common divisor of 224 and 6412?
28
What is the highest common factor of 2158624 and 182?
26
Calculate the greatest common divisor of 5376 and 1204.
28
Calculate the highest common divisor of 5803 and 106941.
829
Calculate the highest common factor of 3333135 and 13.
13
What is the greatest common divisor of 45170 and 40?
10
Calculate the greatest common factor of 2128 and 46018.
266
Calculate the greatest common factor of 23702 and 1771.
7
What is the highest common divisor of 1424 and 393914?
178
What is the greatest common divisor of 86928 and 72?
24
What is the greatest common divisor of 1288 and 133?
7
Calculate the highest common divisor of 28897 and 22.
11
Calculate the highest common divisor of 127927 and 133.
19
Calculate the greatest common divisor of 4423991 and 143.
143
Calculate the highest common factor of 24981 and 88.
11
Calculate the greatest common divisor of 99 and 3216114.
99
Calculate the greatest common factor of 90 and 2514870.
90
What is the highest common divisor of 9 and 213093?
9
Calculate the greatest common divisor of 485003 and 106.
53
What is the greatest common divisor of 3949 and 2431?
11
What is the greatest common factor of 112 and 31276?
28
Calculate the highest common divisor of 8471 and 4531.
197
Calculate the greatest common factor of 3454 and 223564.
22
Calculate the greatest common divisor of 9025 and 25.
25
Calculate the highest common factor of 1115 and 2085.
5
Calculate the highest common factor of 200859 and 30459.
213
What is the greatest common factor of 237661 and 129?
43
What is the highest common divisor of 401831 and 19?
19
What is the highest common factor of 222170 and 13?
13
What is the greatest common factor of 441645 and 150?
15
Calculate the highest common factor of 17316 and 104.
52
What is the highest common factor of 1808496 and 72?
72
What is the highest common divisor of 10293 and 5256?
219
Calcul